t is -5 + 46164463?
46164455
In base 10, what is -47 + -535188?
-535235
In base 4, what is 1332303103022 + -23?
1332303102333
In base 14, what is b - -1188892?
118889d
In base 10, what is -2 + 4326645?
4326643
In base 16, what is -add + 8b36?
8059
In base 7, what is 514401024 + -4?
514401020
In base 7, what is -24031 - -45416?
21355
In base 10, what is 471 + -119819?
-119348
In base 6, what is 30534203014 - 1?
30534203013
In base 10, what is 616 + -4743?
-4127
In base 7, what is -14 + -241636?
-241653
In base 10, what is 715609 - -13?
715622
In base 13, what is 3a + 693106?
693143
In base 3, what is -210 - 1202200022201?
-1202200100111
In base 9, what is 8045 - -322?
8367
In base 5, what is -11131404312 - -4?
-11131404303
In base 6, what is 1334315451 - 15?
1334315432
In base 5, what is -1 - -44240334?
44240333
In base 14, what is -5a - -abdc2c?
abdbb2
In base 9, what is -3 + 82585724?
82585721
In base 6, what is -24243 - 2121001?
-2145244
In base 16, what is -aa + 4a482?
4a3d8
In base 3, what is 212 - 21022220111110?
-21022220110121
In base 10, what is -208 + -41931?
-42139
In base 4, what is -110330 + -1102013?
-1213003
In base 13, what is 29 + -10202c?
-102003
In base 13, what is 14714c9 - 3a?
147148c
In base 5, what is 2432 + 2021414?
2024401
In base 10, what is -4454078 + -4?
-4454082
In base 12, what is 2251 + 3973?
6004
In base 16, what is 14a2ebe + 21?
14a2edf
In base 6, what is -545514400 + 1?
-545514355
In base 12, what is 1a458 + 12b8?
1b754
In base 8, what is 20070 - 1272?
16576
In base 12, what is 9a7 - -13235?
14020
In base 13, what is -24 - -1cbc?
1c98
In base 3, what is -211112112102 - 210000?
-211120022102
In base 13, what is -19042c4 - -27?
-190429a
In base 12, what is 1285 - -a7076?
a833b
In base 4, what is 33 - -3133321331?
3133322030
In base 9, what is 0 - -2653454?
2653454
In base 6, what is -42250 - 42345?
-125035
In base 7, what is 1 - 41535462?
-41535461
In base 11, what is -28659 - -77?
-28592
In base 4, what is 13 + -121130311222?
-121130311203
In base 9, what is 4 - -225870540?
225870544
In base 7, what is -546 - -403210?
402331
In base 5, what is 4202 - -3221133?
3230340
In base 9, what is 36460210 - -4?
36460214
In base 11, what is 166 - -12a580?
12a736
In base 2, what is 10111011000111010100111 - -1011?
10111011000111010110010
In base 11, what is -733 + -390095?
-390818
In base 5, what is -403431341 - -4?
-403431332
In base 10, what is -18 - 574222?
-574240
In base 16, what is 274e6 + 2c?
27512
In base 7, what is -11010146 - 3315?
-11013464
In base 15, what is 378 + 3550e?
35887
In base 16, what is -231e7a + -167?
-231fe1
In base 15, what is 4d24db + -1?
4d24da
In base 5, what is 1 + -434304001?
-434304000
In base 16, what is -169e1 + 158?
-16889
In base 12, what is 7b - b72312?
-b72253
In base 14, what is -7492 + 19a7?
-58c9
In base 10, what is -5 + -22612077?
-22612082
In base 11, what is -a + 586870?
586861
In base 16, what is 4 + 159996?
15999a
In base 2, what is -111100001011001011001000000 - 1?
-111100001011001011001000001
In base 15, what is -1 - -486ac18?
486ac17
In base 9, what is 161 - 6645?
-6474
In base 3, what is -1 - 102010002210001001?
-102010002210001002
In base 2, what is -11100011001111111000111 - -101010?
-11100011001111110011101
In base 14, what is -39 + -119423?
-11945c
In base 6, what is 11004203 - 41?
11004122
In base 3, what is 10011200021122 + 12?
10011200021211
In base 2, what is 110011110111100011100 + -100?
110011110111100011000
In base 15, what is -1d12 - 251d?
-4330
In base 5, what is -304440 - 3202?
-313142
In base 8, what is 345704 - -13?
345717
In base 8, what is -20 + 326107?
326067
In base 3, what is 12220002212 - -122222102?
20120002021
In base 5, what is 3 - 121133022?
-121133014
In base 5, what is -10440341 - -1434?
-10433402
In base 14, what is 12c8ac8 - -4?
12c8acc
In base 9, what is 1 - 11304872?
-11304871
In base 2, what is -101111 + 110100111110111110011001?
110100111110111101101010
In base 13, what is 1 + -6571?
-6570
In base 13, what is -2 + 3960cba6?
3960cba4
In base 16, what is 8 - -3058d?
30595
In base 3, what is 112210122 + -10200222211?
-10011012012
In base 3, what is 1100 + 1210122?
1211222
In base 15, what is -5 + -10149ae?
-10149b4
In base 14, what is 235878a + 4?
2358790
In base 14, what is -b43a97 + -3?
-b43a9a
In base 6, what is 3455512 + -53?
3455415
In base 12, what is -32a8b + -867?
-33736
In base 6, what is 0 - -1454250323?
1454250323
In base 15, what is 2dd9 + -49?
2d90
In base 4, what is 1302110 - 120220220?
-112312110
In base 2, what is -11110110101 - -111110010?
-10111000011
In base 6, what is 212150130552 - 1?
212150130551
In base 16, what is 9c6ba + a?
9c6c4
In base 6, what is 100052502 - -3?
100052505
In base 8, what is 6066275 - -51?
6066346
In base 7, what is 105635150 + -4?
105635143
In base 7, what is 55325555 + 5?
55325563
In base 6, what is 23143 - -4104255?
4131442
In base 15, what is -3b59 - -1cb?
-397d
In base 13, what is 2 - -25509a1?
25509a3
In base 4, what is 1 + 100301031301133?
100301031301200
In base 16, what is 239f3 - 33?
239c0
In base 14, what is 3 + 7c75169?
7c7516c
In base 6, what is -115232 + 21143?
-54045
In base 12, what is -17aa7811 - -2?
-17aa780b
In base 10, what is -8693981 - 92?
-8694073
In base 7, what is 255313 - -213?
255526
In base 4, what is -23021231 + -1210113?
-30232010
In base 12, what is -5a293 - -2?
-5a291
In base 10, what is -3406 - 12447?
-15853
In base 9, what is -2 - -623267828?
623267826
In base 5, what is 11420220100 - -10?
11420220110
In base 10, what is -401733721 - -2?
-401733719
In base 5, what is -3300 + -10414110?
-10422410
In base 4, what is 232323 + -131301?
101022
In base 5, what is -444323 + 24?
-444244
In base 2, what is -10101001001011000011011101 - -1111?
-10101001001011000011001110
In base 9, what is -456 + -55866?
-56433
In base 5, what is 2 - -310110034?
310110041
In base 4, what is 11022013011110 - -3?
11022013011113
In base 7, what is 15 - 12060040?
-12060022
In base 6, what is 11041535 - 42?
11041453
In base 12, what is 2 + 34a82aa1?
34a82aa3
In base 12, what is -12 + -6073a2?
-6073b4
In base 12, what is 219176 - -27a?
219434
In base 12, what is -117 + 11b93a?
11b823
In base 13, what is 0 + 80a66?
80a66
In base 4, what is -2213 + 11012111112?
11012102233
In base 9, what is -15720514 + 5?
-15720508
In base 10, what is 712 - 220?
492
In base 4, what is 110 + -1222013230?
-1222013120
In base 13, what is -4 + -550555?
-550559
In base 15, what is 21b3b0 + -7?
21b3a8
In base 15, what is -4b + 1db8a?
1db3e
In base 3, what is -210221 - 11111120011?
-11112101002
In base 11, what is -3 - -48089440?
48089438
In base 3, what is 2011100112 - -200210?
2012001022
In base 4, what is 0 - 322310102332?
-322310102332
In base 5, what is -2300 - 233023?
-240323
In base 3, what is -2200 - 2022000101000?
-2022000110200
In base 4, what is 123 + -1321132?
-1321003
In base 4, what is -2201312 - 112322?
-2320300
In base 12, what is 269153 + -3a7?
268968
In base 13, what is a07c + 88c?
a93b
In base 14, what is -3b867 - -2d?
-3b838
In base 3, what is -22202122210 - -221?
-22202121212
In base 8, what is -177224403 + 3?
-177224400
In base 13, what is -80 - 14424?
-144a4
In base 11, what is 1821a5 + 2a?
182224
In base 6, what is 13313 - 11143?
2130
In base 2, what is -10100100110101010 - 1111100010111?
-10110100011000001
In base 8, what is 32220 - 205423?
-153203
In base 16, what is -785f + -5bfa?
-d459
In base 7, what is -1 - 26516565?
-26516566
In base 7, what is -5013 + -2156032?
-2164045
In base 15, what is 3 + 698e53?
698e56
In base 9, what is -616 - 3364?
-4081
In base 4, what is 10310311000 + 110?
10310311110
In base 12, what is 39638 + 75?
396b1
In base 2, what is 11101100000110 + -1100111001110?
10000100111000
In base 12, what is -1307 + -b8114?
-b941b
In base 4, what is 10333030230 - -323?
10333031213
In base 7, what is -341000666 + -5?
-341001004
In base 14, what is 3 + 5477?
547a
In base 16, what is -3 - -187fb92?
187fb8f
In base 12, what is 1 + 167898bb?
16789900
In base 6, what is -545525 + 541?
-544544
In base 6, what is -1 - -3324120524?
3324120523
In base 9, what is 48825455 - -4?
48825460
In base 2, what is 0 - 1001110010001100111?
-1001110010001100111
In base 14, what is 237483d + 7?
2374846
